{"id":655,"date":"2023-03-08T16:45:04","date_gmt":"2023-03-08T16:45:04","guid":{"rendered":"https:\/\/hormigonimpresoprecios.com\/?page_id=655"},"modified":"2025-08-08T20:26:08","modified_gmt":"2025-08-08T20:26:08","slug":"hormigon-impreso-moldes","status":"publish","type":"page","link":"https:\/\/hormigonimpresoprecios.com\/index.php\/hormigon-impreso-moldes\/","title":{"rendered":"Hormig\u00f3n impreso moldes"},"content":{"rendered":"\n<h2 class=\"wp-block-heading\" style=\"font-size:28px\">\u00bfQu\u00e9 son los moldes para el hormig\u00f3n impreso?<\/h2>\n\n\n\n<p>Los moldes para <a href=\"https:\/\/hormigonimpresoprecios.com\/\">pavimento impreso<\/a> son una herramienta esencial para la creaci\u00f3n de estructuras decorativas y resistentes hechas de hormig\u00f3n. Estas son fabricados a partir de materiales resistentes como el acero, el aluminio o el pl\u00e1stico, que les permite resistir el proceso de endurecimiento del hormig\u00f3n. Estos moldes se pueden personalizar con los dise\u00f1os deseados para crear patrones \u00fanicos en el hormig\u00f3n. Los moldes para hormig\u00f3n impreso se utilizan para crear desde estructuras simples hasta grandes y complejos dise\u00f1os, como pueden ser losas, pavimentos, caminos, cercas, bordillos, patios y muchos otros. Esta t\u00e9cnica de construcci\u00f3n proporciona un acabado r\u00fastico y elegante al hormig\u00f3n, adem\u00e1s de mejorar su resistencia y durabilidad.<\/p>\n\n\n\n<h2 class=\"wp-block-heading\" style=\"font-size:28px\">Catalogo moldes a\u00f1o 2023<\/h2>\n\n\n\n<div class=\"wp-block-buttons is-layout-flex wp-block-buttons-is-layout-flex\">\n<div class=\"wp-block-button aligncenter\"><a class=\"wp-block-button__link has-accent-background-color has-background wp-element-button\" href=\"https:\/\/hormigonimpresoprecios.com\/wp-content\/uploads\/2023\/03\/catalogo-moldes-2023-1.pdf\" target=\"_blank\" rel=\"noreferrer noopener\">VER CATALOGO MOLDES <\/a><\/div>\n<\/div>\n\n\n\n<div style=\"height:65px\" aria-hidden=\"true\" class=\"wp-block-spacer\"><\/div>\n\n\n\n<figure class=\"wp-block-gallery has-nested-images columns-default is-cropped wp-block-gallery-1 is-layout-flex wp-block-gallery-is-layout-flex\">\n<figure class=\"wp-block-image size-large\"><img loading=\"lazy\" decoding=\"async\" width=\"800\" height=\"600\" data-id=\"689\" src=\"https:\/\/hormigonimpresoprecios.com\/wp-content\/uploads\/2023\/03\/18-1.jpg\" alt=\"hormig\u00f3n-impreso-vertical\" class=\"wp-image-689\" srcset=\"https:\/\/hormigonimpresoprecios.com\/wp-content\/uploads\/2023\/03\/18-1.jpg 800w, https:\/\/hormigonimpresoprecios.com\/wp-content\/uploads\/2023\/03\/18-1-300x225.jpg 300w, https:\/\/hormigonimpresoprecios.com\/wp-content\/uploads\/2023\/03\/18-1-768x576.jpg 768w\" sizes=\"auto, (max-width: 800px) 100vw, 800px\" \/><\/figure>\n\n\n\n<figure class=\"wp-block-image size-full\"><img loading=\"lazy\" decoding=\"async\" width=\"1000\" height=\"581\" data-id=\"693\" src=\"https:\/\/hormigonimpresoprecios.com\/wp-content\/uploads\/2023\/03\/Hormigon-impreso-1.jpg\" alt=\"hormig\u00f3n-impreso-madera\" class=\"wp-image-693\" srcset=\"https:\/\/hormigonimpresoprecios.com\/wp-content\/uploads\/2023\/03\/Hormigon-impreso-1.jpg 1000w, https:\/\/hormigonimpresoprecios.com\/wp-content\/uploads\/2023\/03\/Hormigon-impreso-1-300x174.jpg 300w, https:\/\/hormigonimpresoprecios.com\/wp-content\/uploads\/2023\/03\/Hormigon-impreso-1-768x446.jpg 768w\" sizes=\"auto, (max-width: 1000px) 100vw, 1000px\" \/><\/figure>\n\n\n\n<figure class=\"wp-block-image size-large\"><img loading=\"lazy\" decoding=\"async\" width=\"569\" height=\"427\" data-id=\"687\" src=\"https:\/\/hormigonimpresoprecios.com\/wp-content\/uploads\/2023\/03\/24.jpg\" alt=\"hormig\u00f3n-impreso -piedra\" class=\"wp-image-687\" srcset=\"https:\/\/hormigonimpresoprecios.com\/wp-content\/uploads\/2023\/03\/24.jpg 569w, https:\/\/hormigonimpresoprecios.com\/wp-content\/uploads\/2023\/03\/24-300x225.jpg 300w\" sizes=\"auto, (max-width: 569px) 100vw, 569px\" \/><\/figure>\n\n\n\n<figure class=\"wp-block-image size-large\"><img loading=\"lazy\" decoding=\"async\" width=\"960\" height=\"720\" data-id=\"690\" src=\"https:\/\/hormigonimpresoprecios.com\/wp-content\/uploads\/2023\/03\/83891513_2598712850362263_2606046276717903872_n.jpg\" alt=\"hormig\u00f3n impreso gris\" class=\"wp-image-690\" srcset=\"https:\/\/hormigonimpresoprecios.com\/wp-content\/uploads\/2023\/03\/83891513_2598712850362263_2606046276717903872_n.jpg 960w, https:\/\/hormigonimpresoprecios.com\/wp-content\/uploads\/2023\/03\/83891513_2598712850362263_2606046276717903872_n-300x225.jpg 300w, https:\/\/hormigonimpresoprecios.com\/wp-content\/uploads\/2023\/03\/83891513_2598712850362263_2606046276717903872_n-768x576.jpg 768w\" sizes=\"auto, (max-width: 960px) 100vw, 960px\" \/><\/figure>\n<\/figure>\n\n\n\n<h2 class=\"wp-block-heading\" style=\"font-size:28px\">\u00bfQue tipos de moldes hay para hormig\u00f3n impreso?<\/h2>\n\n\n\n<p class=\"has-medium-font-size\">Existen varios tipos de moldes para hormig\u00f3n impreso, incluyendo:<\/p>\n\n\n\n<p>\u25b6 <strong>Moldes estampados<\/strong>: Estos moldes est\u00e1n hechos de un material pl\u00e1stico flexible que se usa para crear dise\u00f1os tridimensionales. La forma del hormig\u00f3n se marca en el molde a trav\u00e9s de la presi\u00f3n. <\/p>\n\n\n\n<p>\u25b6 <strong>Moldes de estilo de ladrillo:<\/strong> Estos moldes son comunes para crear patrones de ladrillo, tales como los de pizarra. Estos moldes est\u00e1n hechos de un material pl\u00e1stico duro.<\/p>\n\n\n\n<p> \u25b6<strong>Moldes de estampado por cera<\/strong>: Estos moldes son similares a los moldes estampados, pero est\u00e1n hechos de un material m\u00e1s denso para producir un acabado m\u00e1s detallado.<\/p>\n\n\n\n<p> \u25b6<strong>Moldes de estilo de mosaico:<\/strong> Estos moldes se usan para crear patrones de mosaico en el hormig\u00f3n. Estos moldes est\u00e1n hechos de un material pl\u00e1stico denso.<\/p>\n\n\n\n<p>\u25b6 <strong>Moldes de estilo de piedra: <\/strong>Estos moldes se usan para crear patrones de piedra en el hormig\u00f3n. Estos moldes est\u00e1n hechos de un material pl\u00e1stico flexible.<\/p>\n","protected":false},"excerpt":{"rendered":"<p>\u00bfQu\u00e9 son los moldes para el hormig\u00f3n impreso? Los moldes para pavimento impreso son una herramienta esencial para la creaci\u00f3n de estructuras decorativas y resistentes hechas de hormig\u00f3n. Estas son fabricados a partir de materiales resistentes como el acero, el aluminio o el pl\u00e1stico, que les permite resistir el proceso de endurecimiento del hormig\u00f3n. Estos &#8230; <a title=\"Hormig\u00f3n impreso moldes\" class=\"read-more\" href=\"https:\/\/hormigonimpresoprecios.com\/index.php\/hormigon-impreso-moldes\/\" aria-label=\"Leer m\u00e1s sobre Hormig\u00f3n impreso moldes\">Leer m\u00e1s<\/a><\/p>\n","protected":false},"author":1,"featured_media":0,"parent":0,"menu_order":0,"comment_status":"closed","ping_status":"closed","template":"","meta":{"_uag_custom_page_level_css":"","footnotes":""},"class_list":["post-655","page","type-page","status-publish"],"yoast_head":"<!-- This site is optimized with the Yoast SEO plugin v27.2 - https:\/\/yoast.com\/product\/yoast-seo-wordpress\/ -->\n<title>Hormig\u00f3n impreso moldes \u25b6\u3010 Catalogo de los moldes 2023 \u3011<\/title>\n<meta name=\"description\" content=\"Hormig\u00f3n impreso moldes Catalogo de los molde disponible para pavimento de hormig\u00f3n impreso horizontal y vertical del a\u00f1o 2023.\" \/>\n<meta name=\"robots\" content=\"index, follow, max-snippet:-1, max-image-preview:large, max-video-preview:-1\" \/>\n<link rel=\"canonical\" href=\"https:\/\/hormigonimpresoprecios.com\/index.php\/hormigon-impreso-moldes\/\" \/>\n<meta property=\"og:locale\" content=\"es_ES\" \/>\n<meta property=\"og:type\" content=\"article\" \/>\n<meta property=\"og:title\" content=\"Hormig\u00f3n impreso moldes \u25b6\u3010 Catalogo de los moldes 2023 \u3011\" \/>\n<meta property=\"og:description\" content=\"Hormig\u00f3n impreso moldes Catalogo de los molde disponible para pavimento de hormig\u00f3n impreso horizontal y vertical del a\u00f1o 2023.\" \/>\n<meta property=\"og:url\" content=\"https:\/\/hormigonimpresoprecios.com\/index.php\/hormigon-impreso-moldes\/\" \/>\n<meta property=\"og:site_name\" content=\"hormigonimpresoprecios.com\" \/>\n<meta property=\"article:modified_time\" content=\"2025-08-08T20:26:08+00:00\" \/>\n<meta property=\"og:image\" content=\"https:\/\/hormigonimpresoprecios.com\/wp-content\/uploads\/2023\/03\/18-1.jpg\" \/>\n\t<meta property=\"og:image:width\" content=\"800\" \/>\n\t<meta property=\"og:image:height\" content=\"600\" \/>\n\t<meta property=\"og:image:type\" content=\"image\/jpeg\" \/>\n<meta name=\"twitter:card\" content=\"summary_large_image\" \/>\n<meta name=\"twitter:label1\" content=\"Tiempo de lectura\" \/>\n\t<meta name=\"twitter:data1\" content=\"3 minutos\" \/>\n<script type=\"application\/ld+json\" class=\"yoast-schema-graph\">{\"@context\":\"https:\/\/schema.org\",\"@graph\":[{\"@type\":\"WebPage\",\"@id\":\"https:\/\/hormigonimpresoprecios.com\/index.php\/hormigon-impreso-moldes\/\",\"url\":\"https:\/\/hormigonimpresoprecios.com\/index.php\/hormigon-impreso-moldes\/\",\"name\":\"Hormig\u00f3n impreso moldes \u25b6\u3010 Catalogo de los moldes 2023 \u3011\",\"isPartOf\":{\"@id\":\"https:\/\/hormigonimpresoprecios.com\/#website\"},\"primaryImageOfPage\":{\"@id\":\"https:\/\/hormigonimpresoprecios.com\/index.php\/hormigon-impreso-moldes\/#primaryimage\"},\"image\":{\"@id\":\"https:\/\/hormigonimpresoprecios.com\/index.php\/hormigon-impreso-moldes\/#primaryimage\"},\"thumbnailUrl\":\"https:\/\/hormigonimpresoprecios.com\/wp-content\/uploads\/2023\/03\/18-1.jpg\",\"datePublished\":\"2023-03-08T16:45:04+00:00\",\"dateModified\":\"2025-08-08T20:26:08+00:00\",\"description\":\"Hormig\u00f3n impreso moldes Catalogo de los molde disponible para pavimento de hormig\u00f3n impreso horizontal y vertical del a\u00f1o 2023.\",\"breadcrumb\":{\"@id\":\"https:\/\/hormigonimpresoprecios.com\/index.php\/hormigon-impreso-moldes\/#breadcrumb\"},\"inLanguage\":\"es\",\"potentialAction\":[{\"@type\":\"ReadAction\",\"target\":[\"https:\/\/hormigonimpresoprecios.com\/index.php\/hormigon-impreso-moldes\/\"]}]},{\"@type\":\"ImageObject\",\"inLanguage\":\"es\",\"@id\":\"https:\/\/hormigonimpresoprecios.com\/index.php\/hormigon-impreso-moldes\/#primaryimage\",\"url\":\"https:\/\/hormigonimpresoprecios.com\/wp-content\/uploads\/2023\/03\/18-1.jpg\",\"contentUrl\":\"https:\/\/hormigonimpresoprecios.com\/wp-content\/uploads\/2023\/03\/18-1.jpg\",\"width\":800,\"height\":600,\"caption\":\"hormig\u00f3n-impreso-vertical\"},{\"@type\":\"BreadcrumbList\",\"@id\":\"https:\/\/hormigonimpresoprecios.com\/index.php\/hormigon-impreso-moldes\/#breadcrumb\",\"itemListElement\":[{\"@type\":\"ListItem\",\"position\":1,\"name\":\"Portada\",\"item\":\"https:\/\/hormigonimpresoprecios.com\/\"},{\"@type\":\"ListItem\",\"position\":2,\"name\":\"Hormig\u00f3n impreso moldes\"}]},{\"@type\":\"WebSite\",\"@id\":\"https:\/\/hormigonimpresoprecios.com\/#website\",\"url\":\"https:\/\/hormigonimpresoprecios.com\/\",\"name\":\"hormigonimpresoprecios.com\",\"description\":\"Hormig\u00f3n impreso precio\",\"publisher\":{\"@id\":\"https:\/\/hormigonimpresoprecios.com\/#organization\"},\"potentialAction\":[{\"@type\":\"SearchAction\",\"target\":{\"@type\":\"EntryPoint\",\"urlTemplate\":\"https:\/\/hormigonimpresoprecios.com\/?s={search_term_string}\"},\"query-input\":{\"@type\":\"PropertyValueSpecification\",\"valueRequired\":true,\"valueName\":\"search_term_string\"}}],\"inLanguage\":\"es\"},{\"@type\":\"Organization\",\"@id\":\"https:\/\/hormigonimpresoprecios.com\/#organization\",\"name\":\"hormigonimpresoprecios.com\",\"url\":\"https:\/\/hormigonimpresoprecios.com\/\",\"logo\":{\"@type\":\"ImageObject\",\"inLanguage\":\"es\",\"@id\":\"https:\/\/hormigonimpresoprecios.com\/#\/schema\/logo\/image\/\",\"url\":\"https:\/\/hormigonimpresoprecios.com\/wp-content\/uploads\/2025\/02\/cropped-LOGO.jpeg\",\"contentUrl\":\"https:\/\/hormigonimpresoprecios.com\/wp-content\/uploads\/2025\/02\/cropped-LOGO.jpeg\",\"width\":500,\"height\":260,\"caption\":\"hormigonimpresoprecios.com\"},\"image\":{\"@id\":\"https:\/\/hormigonimpresoprecios.com\/#\/schema\/logo\/image\/\"}}]}<\/script>\n<!-- \/ Yoast SEO plugin. -->","yoast_head_json":{"title":"Hormig\u00f3n impreso moldes \u25b6\u3010 Catalogo de los moldes 2023 \u3011","description":"Hormig\u00f3n impreso moldes Catalogo de los molde disponible para pavimento de hormig\u00f3n impreso horizontal y vertical del a\u00f1o 2023.","robots":{"index":"index","follow":"follow","max-snippet":"max-snippet:-1","max-image-preview":"max-image-preview:large","max-video-preview":"max-video-preview:-1"},"canonical":"https:\/\/hormigonimpresoprecios.com\/index.php\/hormigon-impreso-moldes\/","og_locale":"es_ES","og_type":"article","og_title":"Hormig\u00f3n impreso moldes \u25b6\u3010 Catalogo de los moldes 2023 \u3011","og_description":"Hormig\u00f3n impreso moldes Catalogo de los molde disponible para pavimento de hormig\u00f3n impreso horizontal y vertical del a\u00f1o 2023.","og_url":"https:\/\/hormigonimpresoprecios.com\/index.php\/hormigon-impreso-moldes\/","og_site_name":"hormigonimpresoprecios.com","article_modified_time":"2025-08-08T20:26:08+00:00","og_image":[{"width":800,"height":600,"url":"https:\/\/hormigonimpresoprecios.com\/wp-content\/uploads\/2023\/03\/18-1.jpg","type":"image\/jpeg"}],"twitter_card":"summary_large_image","twitter_misc":{"Tiempo de lectura":"3 minutos"},"schema":{"@context":"https:\/\/schema.org","@graph":[{"@type":"WebPage","@id":"https:\/\/hormigonimpresoprecios.com\/index.php\/hormigon-impreso-moldes\/","url":"https:\/\/hormigonimpresoprecios.com\/index.php\/hormigon-impreso-moldes\/","name":"Hormig\u00f3n impreso moldes \u25b6\u3010 Catalogo de los moldes 2023 \u3011","isPartOf":{"@id":"https:\/\/hormigonimpresoprecios.com\/#website"},"primaryImageOfPage":{"@id":"https:\/\/hormigonimpresoprecios.com\/index.php\/hormigon-impreso-moldes\/#primaryimage"},"image":{"@id":"https:\/\/hormigonimpresoprecios.com\/index.php\/hormigon-impreso-moldes\/#primaryimage"},"thumbnailUrl":"https:\/\/hormigonimpresoprecios.com\/wp-content\/uploads\/2023\/03\/18-1.jpg","datePublished":"2023-03-08T16:45:04+00:00","dateModified":"2025-08-08T20:26:08+00:00","description":"Hormig\u00f3n impreso moldes Catalogo de los molde disponible para pavimento de hormig\u00f3n impreso horizontal y vertical del a\u00f1o 2023.","breadcrumb":{"@id":"https:\/\/hormigonimpresoprecios.com\/index.php\/hormigon-impreso-moldes\/#breadcrumb"},"inLanguage":"es","potentialAction":[{"@type":"ReadAction","target":["https:\/\/hormigonimpresoprecios.com\/index.php\/hormigon-impreso-moldes\/"]}]},{"@type":"ImageObject","inLanguage":"es","@id":"https:\/\/hormigonimpresoprecios.com\/index.php\/hormigon-impreso-moldes\/#primaryimage","url":"https:\/\/hormigonimpresoprecios.com\/wp-content\/uploads\/2023\/03\/18-1.jpg","contentUrl":"https:\/\/hormigonimpresoprecios.com\/wp-content\/uploads\/2023\/03\/18-1.jpg","width":800,"height":600,"caption":"hormig\u00f3n-impreso-vertical"},{"@type":"BreadcrumbList","@id":"https:\/\/hormigonimpresoprecios.com\/index.php\/hormigon-impreso-moldes\/#breadcrumb","itemListElement":[{"@type":"ListItem","position":1,"name":"Portada","item":"https:\/\/hormigonimpresoprecios.com\/"},{"@type":"ListItem","position":2,"name":"Hormig\u00f3n impreso moldes"}]},{"@type":"WebSite","@id":"https:\/\/hormigonimpresoprecios.com\/#website","url":"https:\/\/hormigonimpresoprecios.com\/","name":"hormigonimpresoprecios.com","description":"Hormig\u00f3n impreso precio","publisher":{"@id":"https:\/\/hormigonimpresoprecios.com\/#organization"},"potentialAction":[{"@type":"SearchAction","target":{"@type":"EntryPoint","urlTemplate":"https:\/\/hormigonimpresoprecios.com\/?s={search_term_string}"},"query-input":{"@type":"PropertyValueSpecification","valueRequired":true,"valueName":"search_term_string"}}],"inLanguage":"es"},{"@type":"Organization","@id":"https:\/\/hormigonimpresoprecios.com\/#organization","name":"hormigonimpresoprecios.com","url":"https:\/\/hormigonimpresoprecios.com\/","logo":{"@type":"ImageObject","inLanguage":"es","@id":"https:\/\/hormigonimpresoprecios.com\/#\/schema\/logo\/image\/","url":"https:\/\/hormigonimpresoprecios.com\/wp-content\/uploads\/2025\/02\/cropped-LOGO.jpeg","contentUrl":"https:\/\/hormigonimpresoprecios.com\/wp-content\/uploads\/2025\/02\/cropped-LOGO.jpeg","width":500,"height":260,"caption":"hormigonimpresoprecios.com"},"image":{"@id":"https:\/\/hormigonimpresoprecios.com\/#\/schema\/logo\/image\/"}}]}},"uagb_featured_image_src":{"full":false,"thumbnail":false,"medium":false,"medium_large":false,"large":false,"1536x1536":false,"2048x2048":false},"uagb_author_info":{"display_name":"infopavalex@gmail.com","author_link":"https:\/\/hormigonimpresoprecios.com\/index.php\/author\/infopavalexgmail-com\/"},"uagb_comment_info":0,"uagb_excerpt":"\u00bfQu\u00e9 son los moldes para el hormig\u00f3n impreso? Los moldes para pavimento impreso son una herramienta esencial para la creaci\u00f3n de estructuras decorativas y resistentes hechas de hormig\u00f3n. Estas son fabricados a partir de materiales resistentes como el acero, el aluminio o el pl\u00e1stico, que les permite resistir el proceso de endurecimiento del hormig\u00f3n. Estos&hellip;","_links":{"self":[{"href":"https:\/\/hormigonimpresoprecios.com\/index.php\/wp-json\/wp\/v2\/pages\/655","targetHints":{"allow":["GET"]}}],"collection":[{"href":"https:\/\/hormigonimpresoprecios.com\/index.php\/wp-json\/wp\/v2\/pages"}],"about":[{"href":"https:\/\/hormigonimpresoprecios.com\/index.php\/wp-json\/wp\/v2\/types\/page"}],"author":[{"embeddable":true,"href":"https:\/\/hormigonimpresoprecios.com\/index.php\/wp-json\/wp\/v2\/users\/1"}],"replies":[{"embeddable":true,"href":"https:\/\/hormigonimpresoprecios.com\/index.php\/wp-json\/wp\/v2\/comments?post=655"}],"version-history":[{"count":0,"href":"https:\/\/hormigonimpresoprecios.com\/index.php\/wp-json\/wp\/v2\/pages\/655\/revisions"}],"wp:attachment":[{"href":"https:\/\/hormigonimpresoprecios.com\/index.php\/wp-json\/wp\/v2\/media?parent=655"}],"curies":[{"name":"wp","href":"https:\/\/api.w.org\/{rel}","templated":true}]}}